- 4*n + 2 = -5*o. Let a(f) = -f**2 + f + 1. Determine a(n).
-1
Let a(v) = v - 1. Let w(j) = 10*j - 12. Let r(l) = 12*a(l) - w(l). Give r(-2).
-4
Let i(l) = l**2 + l + 2. Let c be i(0). Suppose 0 = -3*m + 2*p + 16 - c, -5*p = 5*m + 10. Let z(y) = 0*y + m + 3*y - 2*y. Calculate z(5).
7
Let n = -8 + 9. Let g(l) = 3*l**3 + 4*l**3 - 4*l**3. Give g(n).
3
Let h(i) = -i - 5. Let n = 8 + -6. Let l = n + -2. Give h(l).
-5
Let y(c) = -c - 7. Let b be (0 + 3)/(-1 - -2). Suppose -f - 5*n = 5, 4*f + b*n + 20 = -n. Determine y(f).
-2
Let r(l) be the first derivative of -2*l - 3 + 2/3*l**3 - 1/4*l**4 + l**2. What is r(3)?
-5
Let o(u) = 4 - u**2 + 0*u + 3*u - 2*u + 0*u. Let v be o(0). Let j(s) = -s + 5. What is j(v)?
1
Let m(r) = 4*r**3 + 4*r**2 - 5*r - 18. Let h(w) = -3*w**3 - 3*w**2 + 4*w + 17. Let g(y) = -5*h(y) - 4*m(y). What is g(0)?
-13
Let y be 11*-2*(-1)/(-2). Let h = 6 + y. Let w(q) = -q**3 - 4*q**2 + 3*q - 6. What is w(h)?
4
Let a = 4 - 4. Let v = -2 - a. Let z(y) = 2*y**2 + 2*y - 1. Give z(v).
3
Let v(z) be the third derivative of z**5/12 + z**3/6 - z**2. Let x be (8/16)/((-3)/6). Calculate v(x).
6
Let o(g) = -g + 5. Let h(n) = -1 - 1 + 1. Let x(j) = -4*h(j) - o(j). Give x(3).
2
Suppose -5*o - 16 = -o. Let p(z) = -2*z**2 + 6*z**3 - 4*z**2 - 7*z**3 + 6 + 5*z + 3*z**2. Calculate p(o).
2
Let w(b) = 10*b**2 - 35*b + 36. Let m(h) = 2*h - 1. Let s be m(6). Let d(t) = 2*t**2 - 7*t + 7. Let k(n) = s*d(n) - 2*w(n). What is k(4)?
9
Let a(n) = 3*n + 2. Let v(t) = 2*t - 26. Let p(z) = -z + 24. Let c be p(13). Let y be v(c). Determine a(y).
-10
Suppose -b + 3*m - 12 = b, 0 = -5*b + 2*m - 8. Suppose b*j - 2*j + 12 = 0. Let l be (-16)/j + 6/9. Let h(p) = -2*p**2 - 3*p - 2. Determine h(l).
-4
Let s(w) be the first derivative of 55*w**2/2 + 1. Let m(a) be the second derivative of -a**3 - 17*a. Let k(z) = 44*m(z) + 5*s(z). Calculate k(1).
11
Let o(v) = 4*v**3 - 4*v**3 - v**2 + 2*v**3 + 2*v**3 + 1. Suppose -5*d + 22 = 3*w, d = -w - 1 + 5. Determine o(w).
-4
Let w(n) = 2*n. Let r(j) = 3*j + 1. Let s(x) = 3*r(x) - 4*w(x). Calculate s(6).
9
Let y(v) = -2 - 4*v - 6 + 0*v**2 + 4*v**2 + 2. Let b(w) = 5*w**2 - 5*w - 6. Let o(t) = 3*b(t) - 4*y(t). What is o(0)?
6
Let o(u) = -5*u**2 + u - 1. Suppose -q - 1 = -a, -2*q + 17 = 3*a - 1. Suppose 2*t = 5*t - q. What is o(t)?
-5
Let u(p) = p**2 - 4*p - 3. Suppose 0*z = 3*z + 15. Let a(w) = -w**3 - 4*w**2 + 5*w + 5. Let f be a(z). Give u(f).
2
Let o(f) = -5*f - 1. Suppose -1 = -2*w + 15. Let y = -12 + w. Let b be -1 - y - (-6)/(-3). Calculate o(b).
-6
Let u be 6/(((-6)/(-4))/1). Let i(a) = -a**3 + 3*a**2 + 3*a + 1. Let q(r) = -3*r**3 + 9*r**2 + 9*r + 3. Let l(d) = 17*i(d) - 6*q(d). Calculate l(u).
3
Let a(g) = g**3 + g**2 - 3*g + 2. Let w be a(2). Let d be 14/8 - (-2)/w. Let o(i) = -3*i**2 + 2*i + 2. Calculate o(d).
-6
Let n(o) = -o**2 - 6*o - 5. Let i(l) = -l**3 + 5*l**2 + 6*l - 5. Let d be i(6). What is n(d)?
0
Let o(a) = a**2 - 7*a + 7. Suppose -2*u = -4 - 2. Suppose u*k - 12 - 54 = 0. Suppose 3*g - 11 = -2*r + r, -k = -4*r - g. Calculate o(r).
-3
Let x(f) = -1 - 5*f**2 + 4*f + 0*f**3 + 10*f**2 + f**3 - 2. Give x(-4).
-3
Let v(q) = -q**2 - 3*q - 1. Let k = -3 + 2. Let j be 4/5*k*5. Determine v(j).
-5
Let m(b) = -b**3 - 4 + 6*b + 8*b**2 + 3*b - 8*b. Let r be m(8). Let x(i) be the second derivative of i**5/20 - i**4/4 - i**3/2 - i**2 - i. Calculate x(r).
2
Let m(g) = 5 - 7 - 3*g + 1. Give m(-1).
2
Let j be (-15)/3 - 0/1. Let z(o) = -o**3 - 6*o**2 - 5*o + 3. Determine z(j).
3
Suppose -2*k = -0*k - 3*d + 8, -k - d = -1. Let p(u) = u**2 - 5*u - 4. Let a be p(6). Let y(s) = -a*s**2 + 0*s**2 + 3*s**2 + 4*s**3. What is y(k)?
-3
Let g = 11 + -7. Suppose -x = 4*x. Let w(f) = x + 4 + f**2 - 4 - 4*f + 1. Determine w(g).
1
Let c(q) = -q + 3. Let x be 15/40 + (-122)/(-16). What is c(x)?
-5
Let c(s) = -6*s**3 + 14*s**2 + 9*s + 13. Let j(i) = -i**3 + i**2 + 1. Let h(w) = c(w) - 5*j(w). What is h(10)?
-2
Let v(j) = j**3 + 3*j**2 - j - 1. Let b be v(1). Let t(y) = -3*y**3 + 3*y**2 - 2*y + 2. What is t(b)?
-14
Let p(i) = i**3 - i + 1. Let b(w) = -4*w**3 - w**2 - 3*w + 4. Let o(d) = -b(d) + 3*p(d). What is o(-1)?
-7
Let w be 0 + (2 - 1)*3. Let v(m) = w*m - 3*m + m**3 + 3*m**2 - 3. Let s(t) = t + 3. Let p be s(-6). Determine v(p).
-3
Let a(j) = -j + 7. Suppose 2*o = 5*h, 4*o = o + h + 13. Give a(o).
2
Let m(w) = w + 7. Let i be 2/9 + 2 + (-202)/18. Give m(i).
-2
Let o(j) = -4*j - 34 + 8*j + 35. Give o(-3).
-11
Suppose 16*w = 21*w + 40. Let i(u) = -u**2 - 10*u - 9. Give i(w).
7
Let w(v) be the second derivative of -5*v**3/6 + v**2/2 - 15*v. Calculate w(1).
-4
Let x be 3/(1*(-1)/(-1)). Let y(l) be the first derivative of -l**4/4 + 4*l**3/3 - l**2 - 4*l + 43. Give y(x).
-1
Let u be 20/(-5) + 3 - -4. Let v(b) = 8 + 3*b + 3 - 8 + u*b**2. Let t = 1 - 3. Give v(t).
9
Let z(w) = w**2 - 3*w. Let r = -89 - -92. Give z(r).
0
Suppose 1 = -3*n + 7. Let u(v) = v**n + 3 + 1 - 3 + 1 + 3*v. Calculate u(-4).
6
Let t(g) = -2*g + 9. Suppose -3*s - 16 = -h, s = 4*h + 4*s - 4. Let u be ((-9)/h)/((-15)/40). Let x be t(u). Let m(d) = d**3 + d**2 - 2*d + 2. Calculate m(x).
-10
Let b(y) = -4*y**2 + 1. Suppose 4*t - 1 - 15 = 0, -5*t + 17 = 3*s. Calculate b(s).
-3
Let j(b) = -b**3 + b**2 + 4*b + 2. Let x be j(-1). Let u(n) = -n**2 + 5. Give u(x).
5
Let u(s) = -7 - 4*s**2 - s**3 + s**2 + 8*s - s**2 + 9*s**2. Give u(6).
5
Let w(g) = 2*g + 1. Let a(t) = t + 12. Let f be (-22)/(-187) - (-344)/(-34). Let u be a(f). Determine w(u).
5
Let v(r) = -r - 10. Let i be v(-14). Let w(y) = 4*y**2 - 5*y**2 - i*y**2 + y**3 + 0*y**3 + 2 + 4*y. Give w(4).
2
Let o be 1/(-1)*(-9 + 9). Let l(n) = -n**3 - n**2 - n - 10. What is l(o)?
-10
Suppose 7*n - 6*n - 6 = 0. Let y(d) = 2*d**2 - 12*d - 9. Let u(f) = -f**2 + 6*f + 5. Let v(t) = -11*u(t) - 6*y(t). Give v(n).
-1
Let p(r) = -r**2 + r**2 + 7*r - 2*r**2 - 5. What is p(4)?
-9
Let b(k) = -k**3 + k**2 + k - 1. Let g = -2 + 1. Let r(d) be the second derivative of d**3/6 + d**2/2 - d. Let w be r(g). Determine b(w).
-1
Let z(c) = -9*c**3 - 1. Let s(m) = -4*m + 10. Let w be s(5). Let i = 9 + w. Calculate z(i).
8
Let v(c) be the second derivative of c**8/1344 + c**7/1260 + c**6/720 + c**4/6 + 3*c. Let l(s) be the third derivative of v(s). Calculate l(-1).
-4
Let y(q) = 2 + 0 - q + 2 - q**2 + 0. Suppose 3*j + z + 10 = 0, -1 = -5*j - 3*z - 15. Determine y(j).
-8
Suppose 0 = 4*k - 3*k + 2. Let q(p) = 4*p**2 - p**3 + 2*p**3 - p**3 + p**3. Calculate q(k).
8
Suppose 2 = -5*s - 5*w - 23, 5 = -2*s - w. Let v(b) = -4 + 26*b**2 + s*b - 2*b - 6*b - 25*b**2. Calculate v(8).
-4
Let q = 3 + -5. Let m(z) = z**3 + z**2 - 3*z - 2. Calculate m(q).
0
Let v = -1 - -1. Let k(q) = -2*q**2 + 4*q - 1 - 2*q**2 + 5*q**2 + v. Calculate k(-3).
-4
Let y = -2 + 1. Let c(s) = -s. Let u(o) = o**2 + o - 1. Let w(n) = -c(n) - u(n). Calculate w(y).
0
Let o(z) = -z**2 - 4 - 3*z + 10 - 3. What is o(-4)?
-1
Suppose -s - 1 = -2*k - 7, -s - k + 3 = 0. Let z(t) = 8 - 5 - t - s. Determine z(4).
-5
Suppose -4*m + 2*w + 10 = 0, 5*w - 4 = -m + 15. Let x(u) = u**2. Determine x(m).
16
Let o(m) = -m + 2. Let q be o(0). Let v(w) = 1 - 3 + 4 - w**q. What is v(0)?
2
Let w(t) = -2*t + 3. Let h be 3*(15/9 + -2). Let x = -30 - -18. Let d be h/(15/x + 1). Calculate w(d).
-5
Let h(j) = -5 + 3 + 4*j - 3*j. Let i = 328 - 330. Determine h(i).
-4
Suppose 3*n + 12 = -y - 2*y, -2*n + 4*y + 22 = 0. Let s(p) = -6*p + 1. Give s(n).
-5
Let u(w) = -w**2 + 6*w - 4. Let g(b) = b**2 - 6*b + 5. Let i(q) = -4*g(q) - 3*u(q). Give i(6).
-8
Let q(z) be the third derivative of z**5/60 + z**4/24 - 2*z**2. Let f(v) = -5*v**2 - 8*v - 4. Let o(m) = -f(m) - 4*q(m). What is o(-4)?
4
Let u(v) = -v**3 + 5*v**2 - 4*v - 1. Let t be (-12)/4 + (0 - 4). Let p = 10 + t. What is u(p)?
5
Let i(l) be the second derivative of 0 + 1/6*l**3 + 1/12*l**4 - l**2 + 3*l. Calculate i(-2).
0
Let b(s) = s**2 - 7*s + 0*s + s - 3. What is b(5)?
-8
Let f(j) = 2*j - 8. Let x be f(7). Let z(k) = -k + 9. Let d be z(7). Let q(g) = -9*g + 9*g + d*g**2 - g**2 - x*g**3. Calculate q(1).
-5
Let z(t) be the first derivative of t**5/20 + t**4/2 + t**3/2 - 2*t**2 + t - 3. Let u(y) be the first derivative of z(y). Determine u(-5).
6
Let r(k) = -1. Suppose -5*o = 2 - 12. Let x(f) = -f - 3. Let q(c) = o*x(c) - 6*r(c). What is q(3)?
-6
Suppose 2*k = -k - 12. Let n(d) = -d + 9.